 42 a factor of 18385362?
False
Does 21 divide 107489361?
True
Is 850 a factor of 100515900?
True
Is 814380707 a multiple of 2569?
True
Is 230 a factor of 4680040?
True
Is 7092937 a multiple of 43?
False
Is 2061877536 a multiple of 144?
True
Is 27292378 a multiple of 34?
True
Is 276 a factor of 148909402?
False
Is 14 a factor of 211575952?
True
Is 90 a factor of 30037758?
False
Does 4 divide 17575403?
False
Is 398453222 a multiple of 2279?
False
Is 3451506170 a multiple of 3480?
False
Does 160 divide 2018502042?
False
Is 144 a factor of 94312063?
False
Does 79 divide 969025339?
False
Is 8 a factor of 1728309?
False
Is 9264 a factor of 1775010192?
True
Is 760662750 a multiple of 3?
True
Is 10496606 even?
True
Is 15202294 a multiple of 573?
False
Is 23541099 a multiple of 546?
False
Is 245569576 a multiple of 2156?
False
Does 38 divide 7283194?
True
Is 66 a factor of 2122776188?
False
Is 151 a factor of 2359768506?
True
Is 31 a factor of 14524306?
True
Is 285172289 a multiple of 836?
False
Is 1258 a factor of 312820637?
False
Does 13 divide 4434541930?
True
Is 11 a factor of 195738688?
False
Is 31 a factor of 79431754?
False
Is 289286415 a multiple of 495?
True
Does 15 divide 568752855?
True
Does 1324 divide 76973388?
True
Is 924870576 a multiple of 272?
False
Is 750597469 a multiple of 4?
False
Is 2371805438 a multiple of 4558?
True
Does 292 divide 331529327?
False
Is 17 a factor of 94864415?
False
Is 788 a factor of 177858137?
False
Is 5414 a factor of 969999310?
True
Is 659522888 a multiple of 10916?
True
Does 214 divide 3183015?
False
Does 975 divide 15360204?
False
Does 18 divide 346838521?
False
Is 5089667 a multiple of 93?
False
Is 848110 a multiple of 68?
False
Is 23 a factor of 27647498?
False
Is 532 a factor of 440099660?
True
Is 1061164 a multiple of 26?
True
Does 1411 divide 922815165?
True
Is 1185540729 a multiple of 53?
True
Is 241 a factor of 101143190?
False
Is 405 a factor of 968336868?
False
Is 349356525 a multiple of 35?
True
Is 25 a factor of 32643945?
False
Is 2283900 a multiple of 345?
True
Does 12 divide 658249140?
True
Is 16 a factor of 392009886?
False
Is 939313 a multiple of 8?
False
Does 23 divide 28029124?
False
Is 13757928 a multiple of 6?
True
Is 76 a factor of 12642448?
True
Is 20648704 a multiple of 16?
True
Does 827 divide 66488319?
True
Does 1188 divide 9678636?
True
Does 685 divide 2325543422?
False
Is 215 a factor of 170275964?
False
Does 13 divide 5625091549?
False
Is 1395359704 a multiple of 15?
False
Is 886 a factor of 244582958?
True
Is 381 a factor of 18763896?
False
Is 17 a factor of 87392257?
True
Is 3391 a factor of 1681506628?
False
Is 102882810 a multiple of 255?
True
Does 32 divide 148312736?
True
Is 16 a factor of 213101600?
True
Is 744 a factor of 670575756?
False
Is 144 a factor of 1500718793?
False
Is 10 a factor of 1048336990?
True
Is 9519 a factor of 2074424658?
False
Does 109 divide 80934353?
True
Does 2040 divide 42095850?
False
Does 5600 divide 829948084?
False
Does 334 divide 52058937?
False
Does 315 divide 92602125?
True
Is 59 a factor of 564679265?
True
Does 9 divide 35019521?
False
Is 14 a factor of 26898759?
False
Is 111 a factor of 7161720?
True
Is 36953710 a multiple of 37?
False
Is 235866 a multiple of 51?
False
Does 12 divide 9103590?
False
Does 240 divide 38072804?
False
Is 2469820850 a multiple of 10709?
False
Is 110091492 a multiple of 8?
False
Does 8 divide 17329182?
False
Does 1429 divide 8008941?
False
Does 851 divide 44001806?
True
Is 51119070 a multiple of 5?
True
Does 48 divide 99918737?
False
Is 2754000796 a multiple of 2732?
True
Does 2885 divide 489743175?
True
Does 7 divide 66802064?
True
Is 4110 a factor of 36024150?
True
Is 1467 a factor of 590069105?
False
Is 49536711 a multiple of 1793?
False
Does 21 divide 79483194?
True
Is 120118632 a multiple of 381?
True
Does 33 divide 36049761?
True
Is 365414400 a multiple of 4800?
True
Is 15 a factor of 349141800?
True
Is 83 a factor of 75683476?
False
Is 37 a factor of 4251707?
True
Is 37 a factor of 326184563?
True
Is 76601660 a multiple of 153?
False
Is 239674554 a multiple of 5509?
True
Does 5261 divide 2167731918?
True
Does 5 divide 1659188775?
True
Is 168890928 a multiple of 48?
True
Is 213951672 a multiple of 99?
True
Is 59 a factor of 1234999979?
False
Is 82 a factor of 768864048?
False
Does 591 divide 47648809?
False
Does 11541 divide 1838723661?
True
Is 25 a factor of 66864625?
True
Does 577 divide 85962337?
False
Does 11 divide 180086651?
False
Is 2660271 a multiple of 61?
True
Does 6 divide 14366553?
False
Does 1181 divide 5925077?
True
Does 9 divide 3478225410?
True
Does 11 divide 5753579?
False
Is 614255385 a multiple of 125?
False
Is 13476154 a multiple of 2?
True
Is 8 a factor of 9805416?
True
Does 1423 divide 378120573?
False
Is 350985333 a multiple of 14?
False
Is 67941612 a multiple of 54?
True
Does 52 divide 201931393?
False
Does 6206 divide 845455792?
True
Does 2436 divide 29763048?
True
Is 921 a factor of 249017273?
False
Does 393 divide 9108168?
True
Is 39 a factor of 1494964926?
True
Does 20 divide 42813574?
False
Does 85 divide 35317075?
True
Is 14296282 a multiple of 200?
False
Does 146 divide 1778930430?
True
Is 88921836 a multiple of 47?
False
Is 2146 a factor of 3043184658?
True
Is 403 a factor of 63689772?
False
Does 4256 divide 1631249366?
False
Does 1587 divide 217346317?
False
Is 58086528 a multiple of 2648?
True
Is 58232008 a multiple of 990?
False
Is 183032060 a multiple of 88?
False
Does 15 divide 27276045?
True
Is 120 a factor of 478063800?
True
Is 652 a factor of 31783788?
False
Is 2477916 a multiple of 126?
True
Does 450 divide 4654350?
True
Is 216767644 a multiple of 1278?
False
Is 88664264 a multiple of 2936?
True
Is 122913466 a multiple of 15?
False
Is 13 a factor of 3297795659?
False
Is 96 a factor of 344817792?
True
Does 14 divide 267333877?
False
Does 9 divide 35461485?
True
Is 1545920488 a multiple of 20?
False
Is 57 a factor of 17099316?
True
Does 891 divide 18484686?
True
Is 13874199 a multiple of 607?
True
Is 76 a factor of 5308492?
False
Does 40 divide 221542566?
False
Is 9 a factor of 109579464?
True
Does 191 divide 7041215?
True
Is 5 a factor of 253038413?
False
Does 584 divide 251816712?
True
Is 3882 a factor of 380606808?
True
Is 21126348 a multiple of 898?
True
Is 1742782351 a multiple of 12?
False
Is 90 a factor of 241556760?
True
Is 36 a factor of 35509142?
False
Is 766461 a multiple of 2?
False
Is 234019782 a multiple of 13?
False
Is 35 a factor of 148157224?
False
Does 42 divide 252504203?
False
Is 1988 a factor of 22107372?
False
Is 612 a factor of 97797516?
False
Is 356940851 a multiple of 24?
False
Does 334 divide 275800166?
True
Does 17 divide 535196041?
False
Is 10 a factor of 41230975?
False
Is 1171151500 a multiple of 518?
False
Is 10 a factor of 24571380?
True
Is 11 a factor of 3929543278?
False
Does 5 divide 581061666?
False
Is 5633 a factor of 3169887614?
False
Is 383 a factor of 1766013?
True
Is 28 a factor of 971195474?
False
Does 110 divide 1429218010?
True
Is 22935564 a multiple of 379?
True
Is 17040696 a multiple of 1128?
True
Is 44901930 a multiple of 17?
True
Is 417 a factor of 76711345?
False
Does 135 divide 1596050288?
False
Is 77158818 a multiple of 283?
True
Does 10 divide 293177867?
False
Does 9567 divide 3163586859?
True
Does 422 divide 100913389?
False
Is 22709820 a multiple of 1946?
True
Is 110 a factor of 11106480?
True
Is 294965146 a multiple of 9?
False
Does 151 divide 24778150?
False
Is 32782068 a multiple of 44?
True
Is 106972 a multiple of 94?
True
Is 11 a factor of 810326024?
False
Is 627922068 a multiple of 15?
False
Is 44 a factor of 1065923496?
True
Is 5 a factor of 3512704?
False
Is 4934734086 a multiple of 8318?
False
Is 29965646 a multiple of 146?
False
Is 15 a factor of 5458665?
True
Is 57 a factor of 22245447?
True
Is 7 a factor of 61562676?
True
Is 998320900 a multiple of 775?
True
Is 42776657 a multiple of 539?
True
Is 104 a factor of 524031289?
False
Is 47385834 a multiple of 1751?
False
Is 113836692 a multiple of 1086?
True
Does 139 divide 105926757?
True
Does 3 divide 1158501?
True
Does 25 divide 158253777?
False
Is 19412900 a multiple of 411?
False
Is 60 a factor of 491467260?
True
Is 5 a factor of 65217570?
True
Is 2